n divisor of a and s?
6
Suppose 16 = 4*y, 2*w - 5*y = -14 - 22. Let u be ((-9)/2 - -2)*w. Let h(j) = 791*j + 4786. Let l be h(-6). What is the highest common divisor of u and l?
20
Suppose 377*z + 62 + 34 = 383*z. Calculate the highest common divisor of 7192 and z.
8
Let n = -14853 - -16569. What is the greatest common factor of 484 and n?
44
Suppose 323*f - 128160 = -26415. What is the greatest common divisor of f and 5110?
35
Let l(x) = 14*x**2 - 7*x - 70. Let r be 3/(12/(-8))*(-105)/30. Let u be l(r). Calculate the greatest common factor of 21 and u.
21
Let k = 331 - 1096. Let x be (-63)/(-2)*(-7 + k/(-63)). Calculate the greatest common divisor of 18 and x.
18
Suppose -6*x + 0*x + 54 = 0. Suppose -h + x = 48. Let j = 9 - h. Calculate the greatest common factor of j and 12.
12
Suppose 8 = -q - 14. Let m = 40 + q. Let y be 544/m - 2/9. What is the highest common divisor of y and 12?
6
Suppose -o = -4*v - v + 388, -2*v + 5*o = -146. Suppose -14*i + 8*i + v = 0. Suppose 17*j - i*j - 132 = 0. What is the greatest common factor of 44 and j?
11
Suppose -3*m + 15 = 0, -8*b = -3*b - 2*m. Suppose 2*v - 6 + b = -2*f, -f = 2. Calculate the greatest common divisor of v and 36.
4
Suppose -7*l + 186 = 46. Suppose 91 + 29 = 6*a. Calculate the highest common divisor of a and l.
20
Let m(x) = -59*x + 311. Let y be m(5). Suppose 22*a - 7200 = y*a. Calculate the highest common factor of a and 48.
48
Suppose -672 = -13*w - w. Suppose -4*r - 24 = -w. Suppose 7*s = 8 + 6. What is the highest common factor of s and r?
2
Let x(s) = -10*s - 50. Let y(d) = -d - 11. Let m be y(5). Let w be x(m). Let f = w - 103. What is the highest common divisor of f and 77?
7
Let x(p) = 101*p**2 + 16*p - 10. Let h be x(-3). Suppose 472 + h = 7*w. What is the greatest common factor of w and 7?
7
Suppose 31*n + 7666 = 4*s + 26*n, 2*s - n = 3830. Calculate the greatest common divisor of s and 132.
66
Let v = 11405 - 11175. What is the greatest common factor of v and 1679?
23
Let v be -8*((-4830)/112 + -6). What is the highest common factor of 131 and v?
131
Let b(c) = 27*c - 208. Let l be b(-17). Let d = l + 1327. Calculate the highest common divisor of d and 88.
44
Let d be (-12)/8 + (-7455)/10. Let x = d + 923. Calculate the highest common divisor of 308 and x.
44
Let y be 5/2*3/((-3)/(-100)). Suppose -y = -17*r - 46. Let a be -66*(r/8 - 2). Calculate the highest common divisor of a and 297.
33
Suppose 0*x = -4*x + 8760. Suppose 17*w = 19*w - x. Calculate the highest common divisor of w and 15.
15
Let p(j) = -746*j + 1530. Let y be p(2). Calculate the greatest common factor of y and 12673.
19
Suppose 94 = -4*z + 98, z = -2*m + 95. Let w = 256 + 590. Calculate the greatest common factor of w and m.
47
Suppose -g + 559 = 5*k, -5*g + 3199 = -3*k + 320. Calculate the highest common factor of 1066 and g.
82
Let b(t) = t**3 - 8*t**2 + 14*t + 54. Let m be b(-13). Let p be 2 + (-96)/45 + m/(-15). Calculate the highest common factor of 5 and p.
5
Let h = -36 - -39. Suppose -3*p = 5*a - 450, -h*a = -p - 63 + 213. Suppose 3*c - p = -0*c. Calculate the highest common divisor of 10 and c.
10
Let h(v) = 1946*v - 13468. Let o be h(7). Suppose 0 = 3*m + 544 + 572. Let y be (-4)/(-18) - m/27. What is the highest common divisor of o and y?
14
Let u be (3 + (-690)/18)*(-9)/6. Let i = 67 - u. What is the highest common divisor of 35 and i?
7
Let w be 11/((-73)/(-18) + -4). Suppose -4*z = -14 + 6. Suppose -19 = z*k - 63. What is the highest common divisor of w and k?
22
Let z(s) = 3*s + 213. Let c be z(-21). What is the greatest common factor of c and 975?
75
Let a be 2/38 + (-17933)/(-1501). Suppose 2*p = -0*p - 10. Let i = 11 + p. Calculate the highest common divisor of i and a.
6
Let b = -16465 - -16503. Calculate the greatest common factor of 1501 and b.
19
Let y(h) = 12*h - 35. Let a be y(5). What is the greatest common factor of a and 325?
25
Let n(k) = -31*k + 359. Let r be n(-4). What is the highest common factor of 63 and r?
21
Let z(f) = 4*f - 20. Let w be z(6). Suppose 2*x = x + 3*y + 65, 299 = w*x + y. Calculate the highest common divisor of 222 and x.
74
Let i be (3640/6)/((-224)/(-2688)). What is the greatest common factor of 91 and i?
91
Suppose 390 = 3*i - 42. Suppose 2*d = -d + i. Let g = -12034 + 12046. What is the greatest common factor of g and d?
12
Let f be ((15390/75)/(-18))/(3/(-125)). What is the highest common factor of 1140 and f?
95
Suppose 27*i = 48*i - 2*p - 1096562, 5*p - 208912 = -4*i. Calculate the greatest common factor of i and 54.
54
Let y(g) = -4*g + 24. Let m(b) = 1. Let c(s) = -6*m(s) + y(s). Let z be c(-1). What is the greatest common divisor of 22 and z?
22
Let b = -15997 + 16858. Calculate the highest common factor of b and 77.
7
Suppose 800*t = 4*w + 795*t - 679, 852 = 5*w - 3*t. Calculate the greatest common divisor of 7524 and w.
171
Suppose -3*x = -8*x + 90. Suppose 5 + 283 = x*m. Calculate the highest common divisor of m and 432.
16
Let f = -39 + 49. Suppose -k + f = -19. What is the highest common factor of k and 377?
29
Suppose 34033*l - 7685 = 34004*l. What is the highest common divisor of l and 490?
5
Let s = -199 - -115. Let n be 2/(5 - s/(-17)). Calculate the greatest common factor of 918 and n.
34
Let p = -12 + -503. Let l be p/(-9) - 16/72. What is the greatest common factor of 627 and l?
57
Let q be (-31164)/(-15) - 312/(-1170)*(-6)/(-4). What is the greatest common factor of 2 and q?
2
Let t(u) = 3*u**3 - 4*u + 3. Let w be t(3). Suppose 2*a + w = 4*a. Let y be (-27)/18 + 666/12. Calculate the highest common divisor of y and a.
18
Let b be (17/(-2))/(1/(-2)). Suppose 1741*s - 1689*s - 7956 = 0. What is the greatest common divisor of b and s?
17
Suppose 1068 = 4*b - 4*t - 860, -3*b - 5*t = -1430. What is the greatest common factor of b and 2560?
160
Let j = -5259 - -5343. Calculate the highest common factor of 105 and j.
21
Suppose 4*i + 4636 = 23*i. Calculate the greatest common factor of i and 16.
4
Suppose -9*f + 8646 + 3056 = -2689. Calculate the greatest common divisor of 123 and f.
123
Suppose -1581 = -43*x + 1214. Let m(k) = 8*k**2 + 2*k - 2. Let d be m(-2). What is the greatest common divisor of d and x?
13
Suppose 89*o - 345744 = -55*o. Calculate the highest common factor of o and 14.
7
Suppose -9 = -76*n + 73*n. Suppose -n*d + 440 = 3*x - 448, 1205 = 4*x - 3*d. Calculate the highest common factor of x and 23.
23
Let f(c) = -c**3 + 36*c**2 - 31*c - 2. Let q = 92 - 57. Let j be f(q). Calculate the greatest common divisor of 46 and j.
46
Suppose 0 = -9*p - p + 1150. Let t be 190/4*46/p. Calculate the highest common factor of 3 and t.
1
Let c = -23730 + 23802. Calculate the greatest common factor of 15804 and c.
36
Let i be -553*(4/(-3))/(124/(-93)). Let l = 562 + i. What is the greatest common factor of l and 999?
9
Let r(c) = 23*c - 33. Let v be r(6). Suppose v + 15 = 6*q. Let g(m) = m + 11. Let k be g(-7). Calculate the greatest common divisor of q and k.
4
Suppose -52 + 35 = -3*s - 5*l, -3*s + 31 = -2*l. Let f = -44 + 46. Calculate the highest common factor of f and s.
1
Let n(l) = 2*l**3 + 67*l**2 + 22*l - 343. Let u be n(-33). Calculate the highest common divisor of 1275 and u.
5
Suppose -5*d + 2*d = 252. Let h = -58 - d. Calculate the highest common factor of h and 208.
26
Let d(s) = 166*s**3 - 3*s**2 + 9*s - 7. Let t be d(1). Calculate the greatest common factor of 33 and t.
33
Let b be 1496/(-187)*7/(-8). What is the greatest common divisor of 1477 and b?
7
Suppose -248*b + 376656 = -50400. What is the greatest common factor of 164 and b?
82
Suppose 7*a + 0*a = 301. Let l(b) = -137*b - 3. Let p be l(-4). Suppose -5*f + p = -5*y, 72 = f + 5*y - a. What is the greatest common divisor of 10 and f?
10
Let m = -5456 - -5498. Calculate the greatest common divisor of m and 438.
6
Suppose 4*w = -3*q + 192, -2*w = 2*q - 47 - 85. What is the highest common divisor of q and 6156?
36
Let l(m) = 12*m**3 - 15*m**2 + 65*m + 5. Let k be l(4). What is the greatest common factor of k and 39?
13
Let k(p) = -15*p + 182. Let x be k(7). Suppose 24 = 4*y - 4. Calculate the greatest common factor of x and y.
7
Let r = 1474 - 807. Suppose r = 9*d - 521. Let w be -11*(-2 + -1 + 1). Calculate the greatest common factor of d and w.
22
Let q = -860 - -1403. 